4*g - 56 = -q, 2*g - 202 = -4*q + 7*g. What is the greatest common factor of q and u?
24
Let h(j) = -j**2 + 3*j - 3. Let b be h(3). Let l(k) = -3 + 2*k**2 + 14 - 2*k - 9 + 0 + 0*k**2. Let f be l(b). Calculate the greatest common factor of f and 13.
13
Let v be 7 + (-13)/((-52)/288). Calculate the greatest common divisor of v and 632.
79
Let i be (-16588)/(-312) + 10/12. What is the greatest common divisor of 1026 and i?
54
Suppose 19*s - 3706 - 3305 = 0. What is the greatest common divisor of 27 and s?
9
Suppose -4*h + 9 = -3*h. Let t be (-1 - -3)*18/4. What is the highest common factor of h and t?
9
Let t(j) = 13*j**2 - 27*j - 242. Let w be t(-7). Calculate the greatest common divisor of w and 219.
73
Let p be 51/45 - (-2)/(-15). Suppose 3*u - 4*u - p = -2*o, -10 = 2*u. Let r be (0 - o)/((-5)/(-50)). What is the greatest common divisor of 180 and r?
20
Let n be 30/4*(-4 - (-98)/21). Suppose 0*k = -4*k + 16, n*k - 50 = -3*q. Calculate the highest common factor of 50 and q.
10
Let i be ((-12)/30)/(2/(-50)). Suppose -3*z - i = 2*z. Let d be (-204)/(-24) - z/4. Calculate the highest common divisor of 27 and d.
9
Suppose 0 = 5*t + 5*b - 130, -4*t - b + 138 = t. Suppose 0 = -3*p + 57 + 867. What is the greatest common factor of t and p?
28
Let w = -256 + 292. Calculate the greatest common divisor of 909 and w.
9
Let i be 10*1/((1/2)/1). Let g(o) = 4*o**2 + 4. Let l be g(-3). What is the greatest common divisor of l and i?
20
Suppose -11 - 57 = -17*c. What is the greatest common factor of c and 18?
2
Let l be (-3)/(-12) + 1164/16. What is the highest common divisor of 73 and l?
73
Let u(w) be the third derivative of w**4/12 + 19*w**3/3 + 23*w**2. Let f be u(-10). Calculate the highest common divisor of 72 and f.
18
Suppose 5*i + 1128 = 3*p + 99, -2*i = -5*p + 1715. Calculate the highest common divisor of 7 and p.
7
Let q(m) = m**3 - m**2 + 6*m + 16. Let c be q(0). What is the highest common factor of 240 and c?
16
Suppose -36*r + 38*r - 32 = 0. Calculate the greatest common divisor of 12 and r.
4
Suppose 0 = -146*f + 144*f + 288. What is the highest common divisor of 54 and f?
18
Let r = 8 + 23. Let u = r + 1. What is the highest common factor of u and 128?
32
Let s(x) = 47*x**2 + 13*x - 92. Let d be s(4). What is the highest common factor of 16 and d?
8
Let t(c) = 14*c**3 + 2*c**2 - c. Let f be t(1). Let g be (15 + -18)/(2/(-2)). What is the highest common factor of g and f?
3
Let b be 3*1/3 - 1. Suppose -5*q + 70 = -b*q. Calculate the highest common divisor of q and 98.
14
Let n be (-6 - (-10 + -582)) + -2. Calculate the greatest common divisor of 8 and n.
8
Suppose -2*r - 171 = -203. Calculate the greatest common factor of r and 208.
16
Let g = -180 - -564. What is the highest common factor of g and 240?
48
Let k = -13 - -15. Let j(d) = 40*d**2 + 3*d - 4. Let x be j(2). Suppose k = -5*a + x. What is the highest common factor of 96 and a?
32
Let j = 405 + -398. Suppose b - 2*g = 5 + 10, 3*g = 9. What is the greatest common divisor of j and b?
7
Let d(f) = -f - 3. Let m be d(-6). Suppose 4*g - 641 - 579 = 0. Suppose 0 = 5*i + w - 769, 0*i - 2*i + g = m*w. What is the highest common divisor of 14 and i?
14
Let i be 3/6 + 23/2. Let y(r) = 2*r**2 + 8*r - 36. Let a be y(-10). What is the highest common divisor of i and a?
12
Suppose x - 3*s - 247 = 0, -3*x - s - 251 = -4*x. Let w = x - 113. Calculate the highest common factor of 56 and w.
28
Suppose -v = -1 - 2. Suppose -v*q - 5 = -2*q. Let u(z) = -2*z**3 - 4*z**2 + 3*z - 3. Let g be u(q). Calculate the highest common divisor of 12 and g.
12
Let u(l) = l**3 - 6*l**2 + 3*l - 8. Let y be u(6). Calculate the greatest common factor of y and 80.
10
Suppose 4*y + 3*f = 43, -5*y + 3*f = -32 - 15. Let a be y/(-60) - 1621/(-6). Calculate the highest common divisor of 30 and a.
30
Let a = 116 + -103. What is the greatest common factor of 416 and a?
13
Suppose -4*h + 5*g + 17 = -39, -21 = -h + 3*g. Suppose 0*l = l - 1. What is the greatest common divisor of h and l?
1
Let s(z) = 2*z**3 + 4*z**2 + 2*z. Let r be s(-2). Let d = 15 + r. Suppose -l + 9 + d = 0. Calculate the greatest common divisor of l and 10.
10
Let y = 98 + -58. Calculate the greatest common factor of 320 and y.
40
Suppose -5*g - 882 = 163. Let i = 319 + g. Calculate the highest common divisor of 11 and i.
11
Let g = 22 + 188. What is the greatest common factor of 336 and g?
42
Let d(f) = f**3 + 10*f**2 - 14*f - 27. Let y be d(-11). Let m be (-1 - 1) + 68*1. What is the greatest common divisor of y and m?
6
Let p be 1*(1 + 0) + 32. Let s be (44/1)/((15 + 19)/17). What is the greatest common divisor of s and p?
11
Let u = 138 - 108. What is the greatest common divisor of 480 and u?
30
Let o(g) = -292*g + 4. Let m be o(-5). Let c = -1016 + m. Let w be c/20 - 3/(-5). Calculate the greatest common divisor of w and 184.
23
Let l = 111 + -78. Suppose -v + 57 = -l. Suppose -3*d + 70 = 4*d. Calculate the highest common divisor of v and d.
10
Let n = -3214 + 3502. Let b = 71 - 39. Calculate the greatest common factor of n and b.
32
Let l be 2/(-1) + 11 + 1. Let p be (-6498)/(-24) + (-5)/(-4). Suppose d = 3*q - p, -2*q - d = 3*d - 172. Calculate the highest common divisor of l and q.
10
Suppose 0 = 30*j - 47*j + 59279. Calculate the highest common divisor of j and 11.
11
Suppose -2*h + 8 = -56. Let n = 31 + h. What is the greatest common divisor of n and 42?
21
Let j(u) = u**2 + 26*u + 18. Let v be j(-23). Let b = 89 + v. What is the greatest common divisor of b and 38?
38
Let x = -68 - -72. Let z be (x/(-5))/(14/(-175)). What is the greatest common divisor of 10 and z?
10
Suppose 4*u = 6 + 6, -4*z - 2*u + 18 = 0. Suppose z*w - 19 - 9 = -4*x, 0 = w + 2*x - 6. What is the greatest common divisor of 4 and w?
4
Suppose n - 2*s - 318 = 2*s, -975 = -3*n + 5*s. Let g(l) = -l**2 + 14*l + 10. Let d be g(9). What is the highest common divisor of n and d?
55
Suppose 625*t + 513 = 634*t. What is the highest common divisor of t and 209?
19
Suppose -392 = -16*w + 312. What is the highest common divisor of w and 154?
22
Let q(l) = -3*l**2 + 13*l - 6*l**2 + 8*l**2 + 17. Let v be q(14). Let o be (-2 + v/3)*-90. Calculate the highest common factor of o and 60.
30
Let h(k) = k**2 - 2*k - 3. Let s be h(-2). What is the highest common factor of s and 815?
5
Let c be (-1146)/6 - -4 - -2. Let n = c + 437. What is the greatest common factor of n and 28?
28
Let r be (-12)/28 - (-10413)/91. What is the highest common divisor of r and 152?
38
Let k(u) = u**3 + 4*u**2 + u + 5. Let v be k(-4). Suppose -5*r = -x - v, -2*r = -r - 3. What is the highest common factor of 28 and x?
14
Let r be 4614/18 - 2/(-6)*-1. Calculate the highest common factor of 192 and r.
64
Let g(y) = -10*y + 9 + 8 + 6*y**2 - 18*y**2 - y**3 + 2*y**2. Let d be g(-9). Calculate the greatest common divisor of d and 39.
13
Let t be 0 + (-5)/15*3 + 2. Calculate the highest common factor of 32 and t.
1
Let d = -17 + 7. Let g(v) = v**3 + 9*v**2 - 13*v - 18. Let h be g(d). What is the highest common divisor of 36 and h?
12
Let w = 3 + -1. Suppose -27 = -4*p - 5*m, -9*p = -10*p - 5*m + 18. What is the greatest common divisor of w and p?
1
Suppose -3*a + 490 = h, -3*h = a - 124 - 50. Let t = -244 + a. Let i = -37 - t. Calculate the highest common factor of 30 and i.
15
Let v = 24 - 17. Let p(t) = -t**2 - 10 + 6*t**2 + v*t - 4*t**2. Let a be p(-12). What is the greatest common factor of a and 20?
10
Suppose 4*d + 10 = -2*c + 52, -2*d - 2*c + 22 = 0. Calculate the highest common divisor of 14 and d.
2
Let j(g) = -g**3 - 3*g**2 + 9*g - 3. Let q be j(-6). Calculate the greatest common factor of q and 561.
51
Let u = 27 - 19. Let n = u - -16. Let k = -10 - -18. What is the highest common divisor of k and n?
8
Let t(z) = -z**3 + 4*z**2 - 3*z + 3. Let n be (-5)/5 + 1 + -4. Let w be t(n). What is the greatest common factor of 13 and w?
13
Suppose -20*i + 18*i = -36. Suppose 576 = -347*w + 355*w. Calculate the highest common divisor of i and w.
18
Let s = 118 + 528. What is the greatest common divisor of s and 17?
17
Let i be (-6)/(-3) - (-24 - -5). Suppose -15*t = -23*t + 56. Calculate the highest common divisor of i and t.
7
Let j = -21 - -36. Let h = 88 - 73. Calculate the greatest common divisor of j and h.
15
Suppose -5*s +